e
Suppose 0 = -8*n + 13*n - 10. Suppose 3*c + 5*v = 69809, 5*c - n*v - 116307 = -0*v. Suppose -m + 8261 = 2*p, -5*m = -4*p - 6706 + c. Is p composite?
False
Let w(d) = -2*d**2 + 7*d + 6. Let a be w(4). Suppose a*c + 4*o - 3*o = 371, -4*o - 760 = -4*c. Let z = c + -118. Is z composite?
True
Suppose 0 = 2*o - 0*b - 2*b + 4970, 0 = 5*o - b + 12425. Let d(m) = 2*m**3 + 106*m**2 - 77*m + 66. Let n be d(-54). Let p = n - o. Is p prime?
True
Suppose 425*p - 492*p = -22014659. Is p prime?
False
Suppose 105*l = 108*l. Suppose 31*x - 25*x - 56346 = l. Is x prime?
True
Let z = -675441 - -1003240. Is z prime?
True
Suppose -4*s + 3*a + 751466 = 0, -5*s + 14*a + 939343 = 12*a. Is s a prime number?
True
Let m be (-19)/(-171) - 412/(-18). Let u = 48 - 14. Let v = u - m. Is v composite?
False
Let p = 74 - 73. Let s(a) = 17*a**3 - 2*a**2 + 2*a - 2. Let d be s(p). Is ((-18)/15)/((-6)/d) - -284 a composite number?
True
Suppose -2*u - 2 = 0, -5*u + 59633 = 33*a - 31*a. Is a a prime number?
True
Is (17 - (-44 + 50)) + 1940760/2 a composite number?
False
Is (-380704)/(-16) + 9 + 10 composite?
False
Suppose 0 = 2*b - 0*b + 296. Let q be 88/(-9) + 170/45 + -4. Is b*17/q + 6/(-10) a composite number?
False
Suppose -658526 = 47*f - 69*f. Is f a prime number?
False
Suppose 62*v - 5492 = 54*v + 1065636. Is v a prime number?
False
Let f = 944 + -71. Let i = f - 482. Is i composite?
True
Is (((-3644)/3)/2)/(54/(-3483)) + -6 a prime number?
False
Suppose 161*x - 166*x + 25 = 0. Suppose -o - 1115 = -m, 8*m - x*o = 4*m + 4458. Is m a prime number?
True
Suppose 0 = -3*u, 2*b + 9 = -b - 5*u. Let x be (-8)/b*210/40. Is (x/3)/1*(-942)/(-4) prime?
False
Let y be (10/15)/((-4)/6) + 6. Suppose 107155 = y*r + 13970. Is r prime?
True
Is 177095 - 0/(6/12*-1*-4) composite?
True
Let v = 250287 + -86950. Is v a composite number?
False
Suppose -3*b = -4*u + 15, 4*u = 8*b - 3*b + 17. Suppose 5*f - 4*v = 9961, -u*f - 1328 = -2*v - 7305. Is f prime?
True
Suppose 3*p - 60 = -3*j, 5*j - 3*p + 5*p - 94 = 0. Suppose -3*m + j*m = 130575. Is m a prime number?
False
Suppose c + 20 = -3*q + q, 45 = -2*c - 5*q. Let u be 1168/2 - (c + 7). Let w = u + 255. Is w a composite number?
True
Let o(s) = -5103*s - 128. Is o(-5) a composite number?
True
Suppose 4*i + 8*s - 6948 = 1964, 2*s = -10. Suppose w + 0*w - 3 = 0. Suppose k = w*k - i. Is k a composite number?
True
Let r(f) = -f - 41. Let i be r(-13). Let d be -2 - 21/(-9) - i/6. Suppose -d*v = -z + 2*z - 3163, -4*z = -4*v - 12604. Is z a composite number?
True
Suppose -33*q - 33*q + 2326566 = 0. Is q a prime number?
True
Let h(n) = -4*n - 7. Let m be h(-3). Let y(s) = s**3 + 6*s**2 - 7*s. Let u be y(-7). Suppose 8*c - 602 = m*c + a, -2*c - a + 393 = u. Is c prime?
True
Suppose -24188166 + 67049560 + 25798732 = 134*m. Is m composite?
False
Let k(w) = -341*w + 255. Let s(n) = n**2 + 24*n + 98. Let u be s(-18). Is k(u) a composite number?
True
Suppose -2*w + a + 27 = 0, 5*w = 4*w - 2*a + 11. Is 7265/w + 30/195 a prime number?
False
Let k(h) = 47*h**2 - 4*h - 4. Suppose 0 = -6*j + j - 5*q - 5, 10 = 2*q. Let o be k(j). Suppose 0 = -5*b + o - 597. Is b a prime number?
True
Let m = 520 + -1316. Let j = m - -1205. Is j composite?
False
Let v(u) = -456*u + 125. Let b be v(-6). Let l = b + -1672. Is l a prime number?
False
Is 60/11 - -1*(-54)/(-99) - -18001 prime?
False
Let l = -720 - -1302. Suppose -a + 994 = 2*a + i, -4*a + 1326 = 2*i. Let k = l - a. Is k a composite number?
False
Let h(w) be the second derivative of 13*w**4/12 - 11*w**3/6 - w**2/2 + 1476*w. Let t = 5 + -10. Is h(t) a prime number?
True
Suppose -5*g = -2*l - 769949, -2*g - 322*l + 307979 = -323*l. Is g prime?
True
Let r be (-4)/34 + (1440/102 - 9). Is 17*r/(25/485) prime?
False
Let h(s) = 930*s - 6313. Is h(85) composite?
True
Suppose 5*c = 3*n + 7466 - 124448, 5*n = 4*c + 194957. Is n prime?
False
Suppose -5*i = 5*o - 1039585, 2*o + 831644 = 20*i - 16*i. Is i a prime number?
False
Let i = -15483 + 23378. Let v be 81/(-1*(-2)/146). Suppose f = -3*x - f + v, i = 4*x - f. Is x a prime number?
True
Let l(k) = -2*k**3 + 13*k**2 + 8*k + 20. Is l(-27) a prime number?
True
Let h be (-369)/(-15) - 4/(-10). Let g be 4/(3*246/(-234) + 3). Let a = h - g. Is a composite?
True
Let q = -119799 + 168238. Is q a composite number?
True
Let h be (-4)/6*171/(-38). Suppose -218 = -b + 4*z, 4*b + 0*z - 872 = h*z. Is b composite?
True
Let d(t) be the second derivative of t**3/6 - t**2/2 - 13*t. Let m be d(0). Is (8*m)/(-2) + 629 a prime number?
False
Let y = 24340 + -10068. Suppose 0 = -2*m + 13942 + y. Is m prime?
True
Suppose 69*x - 24086860 = 61*x - 132*x. Is x a composite number?
False
Is (2 + -1 + 0)*(0 + 55604 - 1) a composite number?
False
Let u(j) = 12*j - 46. Let z be u(4). Suppose 4*f = z*t - t - 2283, 0 = t - 5*f - 2281. Is t a prime number?
False
Suppose 57*f - 71*f = -1289246. Is f a prime number?
False
Let y(t) = t + 6. Let g = 53 - 65. Let p be y(g). Is p/(-2)*(-21126)/(-18) prime?
False
Let a be (4/2)/(-2 - 30/(-12)). Suppose 3*n - 7830 = -4*h, -7832 = -4*h + 2*n - a*n. Is h a composite number?
True
Suppose l + 9 = -3*f + 4, -3*f - 3*l - 15 = 0. Suppose -3*h + f*h = -996. Suppose 0 = k + d - 342, 2*k - 3*k = -d - h. Is k prime?
True
Let s be (-6 - -9)*(-3681)/(-1). Let d = 15536 - s. Is d composite?
False
Let x = 109 - 85. Suppose 0 = 28*u - x*u + 8. Is 3*(3715/15 - u) a prime number?
False
Suppose -3*f = -2*v + 2, f = -0*v + v. Let r be 3 - 10*1/f. Let l(h) = 20*h**2 - 13*h + 11. Is l(r) composite?
False
Let o(h) = 123*h**2 + 16*h + 7. Let r(j) = 370*j**2 + 45*j + 19. Let u(d) = -8*o(d) + 3*r(d). Is u(-2) a composite number?
False
Let x(o) = 2967*o**2 - 16*o + 98. Is x(-5) a prime number?
True
Suppose 0 = -3*s + 6*s - 9. Suppose 7 = s*w - 5*z, 2*z - 3 = -3*w - 10. Is 280/(2/1) + 3 + w a prime number?
False
Let v = -139 + 59. Let j = 78 + v. Is (-1)/(-2)*(-909 + j)*-2 composite?
False
Is 23052100/203 + (-2)/14*(3 - 2) composite?
False
Let g(p) = 370*p**2 - 118*p - 503. Is g(-20) prime?
False
Is (-1)/17 - 2902174/(-901) composite?
False
Let r = -94 - -101. Suppose r*k - 99 = -1079. Let x = k + 1777. Is x prime?
True
Let v be 15/6 + (-1)/2. Let j(q) = -3*q + 134*q**2 + 109*q**2 + 3 - 29*q**2. Is j(v) a composite number?
False
Let n = 59836 + -31685. Is n a composite number?
False
Let o(z) = z - 2. Let c be o(14). Let f be (-37348)/14 - c/42. Is 11/33 - f/6 a prime number?
False
Let r be (-69)/15*(-9 - -4). Let q = r + -12. Suppose 0 = q*m - 6*m - 2065. Is m a prime number?
False
Suppose -3*k = 3*y + 4645 - 49912, -3*k + 4*y + 45281 = 0. Is k a composite number?
False
Let r(f) = 161*f**2 - 115*f + 1681. Is r(40) a prime number?
False
Let j = 185 + -70. Let q(w) = -w**3 + 5*w**2 + 8*w - 35. Let f be q(5). Suppose -f*p + j = -370. Is p composite?
False
Let j(t) = -t**3 + 11*t**2 + 3*t - 10. Let s be j(8). Suppose s*f - 212*f + 3516 = 0. Is f a prime number?
False
Let k = 551 - 543. Suppose -6*w + 16175 = s - k*w, 2*s + w - 32370 = 0. Is s a prime number?
True
Let v(d) = 108*d**3 - 2*d**2 - 20*d + 17. Let k be 4/26 + 200/52. Is v(k) prime?
False
Suppose -11*j - 68 + 134 = 0. Suppose j*b - 5*n - 24263 = 0, n - 8711 + 626 = -2*b. Is b prime?
False
Suppose 151634 + 54679 = m - 4*t, 0 = 5*m + 4*t - 1031493. Is m prime?
False
Let z(i) = 587*i**3 + i**2 + i - 3. Let y(f) = -f**3 + f - 1. Let q(j) = y(j) - z(j). Let n be q(-2). Suppose 0 = 4*o - 13346 + n. Is o prime?
True
Let t(a) = -a**3 - 5*a**2 - 11*a + 20. Let x be 8/14 - (-16)/(-28). Suppose -14*c + 7*c - 63 = x. Is t(c) composite?
False
Let d(q) = q**2 - 75*q - 25. Let m(y) = 3*y**2 - 243*y - 76. Let r(p) = -7*d(p) + 2*m(p). Suppose 0 = -5*g - 17 + 107. Is r(g) a composite number?
False
Let i = 86 - 86. Let x(u) = u**3 + 84 + i*u**2 - 2*u - 5*u**2 - 87. Is x(6) a composite number?
True
Let i(d) = -96*d**2 - 177*d + 446. Let j(c) = -34*c**2 - 59*c + 149. Let y(g) = 6*i(g) - 17*j(g). Is y(46) prime?
False
Let o be 168/96 - 10/(-8). Is (1/o)/(50/1666950) composite?
False
Suppose -g = -37*g + 963756. Is g prime?
False
Suppose 5 = -d + 2. Let a = d + 3. Suppose 5*h + 4*y - 2065 = 0, 4*h - 2*h + 3*y - 833 = a. Is h prime?
True
Let i(o) = 153*o**2 + 38*o + 10. Is i(3) a composite number?
True
Let t(a) = 888*a + 3005. Is t(18) prime?
False
Let k(c) = 40*c**3 - c